e prime factors of 8322.
2, 3, 19, 73
What are the prime factors of 2227?
17, 131
List the prime factors of 716.
2, 179
What are the prime factors of 683?
683
What are the prime factors of 7777?
7, 11, 101
What are the prime factors of 1703?
13, 131
List the prime factors of 2519.
11, 229
What are the prime factors of 5241?
3, 1747
List the prime factors of 58101.
3, 107, 181
List the prime factors of 3796.
2, 13, 73
List the prime factors of 120664.
2, 15083
What are the prime factors of 287?
7, 41
List the prime factors of 2501.
41, 61
What are the prime factors of 12064?
2, 13, 29
List the prime factors of 6737.
6737
What are the prime factors of 2530?
2, 5, 11, 23
What are the prime factors of 21417?
3, 11, 59
List the prime factors of 39403.
7, 13, 433
List the prime factors of 41959.
41959
What are the prime factors of 2191?
7, 313
List the prime factors of 5790.
2, 3, 5, 193
List the prime factors of 13478.
2, 23, 293
What are the prime factors of 369?
3, 41
List the prime factors of 234.
2, 3, 13
What are the prime factors of 172132?
2, 23, 1871
What are the prime factors of 70894?
2, 35447
List the prime factors of 11614.
2, 5807
List the prime factors of 10840.
2, 5, 271
List the prime factors of 1473.
3, 491
List the prime factors of 3458.
2, 7, 13, 19
What are the prime factors of 2687?
2687
What are the prime factors of 98681?
11, 8971
What are the prime factors of 2133?
3, 79
List the prime factors of 21159.
3, 2351
What are the prime factors of 19622?
2, 9811
What are the prime factors of 2019?
3, 673
What are the prime factors of 8189?
19, 431
What are the prime factors of 681?
3, 227
List the prime factors of 48072.
2, 3, 2003
List the prime factors of 32732.
2, 7, 167
What are the prime factors of 4305?
3, 5, 7, 41
What are the prime factors of 10058?
2, 47, 107
What are the prime factors of 20863?
31, 673
List the prime factors of 15858.
2, 3, 881
What are the prime factors of 173?
173
List the prime factors of 31485.
3, 5, 2099
What are the prime factors of 16757?
13, 1289
What are the prime factors of 30585?
3, 5, 2039
List the prime factors of 38213.
7, 53, 103
List the prime factors of 30247.
7, 29, 149
What are the prime factors of 16221?
3, 5407
List the prime factors of 7415.
5, 1483
List the prime factors of 1428.
2, 3, 7, 17
List the prime factors of 17209.
17209
List the prime factors of 181241.
19, 9539
What are the prime factors of 22459?
37, 607
List the prime factors of 10334.
2, 5167
What are the prime factors of 1177?
11, 107
List the prime factors of 8800.
2, 5, 11
List the prime factors of 3263.
13, 251
What are the prime factors of 8289?
3, 307
List the prime factors of 4417.
7, 631
What are the prime factors of 18944?
2, 37
List the prime factors of 11466.
2, 3, 7, 13
List the prime factors of 790.
2, 5, 79
What are the prime factors of 169589?
7, 3461
List the prime factors of 3719.
3719
List the prime factors of 52759.
7, 7537
What are the prime factors of 82574?
2, 19, 41, 53
List the prime factors of 59438.
2, 113, 263
List the prime factors of 464.
2, 29
List the prime factors of 3343.
3343
List the prime factors of 10251.
3, 17, 67
What are the prime factors of 473?
11, 43
List the prime factors of 4855.
5, 971
What are the prime factors of 245?
5, 7
What are the prime factors of 1341?
3, 149
List the prime factors of 25256.
2, 7, 11, 41
What are the prime factors of 21152?
2, 661
What are the prime factors of 13677?
3, 47, 97
List the prime factors of 6059.
73, 83
List the prime factors of 5821.
5821
What are the prime factors of 18452?
2, 7, 659
What are the prime factors of 692?
2, 173
List the prime factors of 1632.
2, 3, 17
What are the prime factors of 2380?
2, 5, 7, 17
What are the prime factors of 700?
2, 5, 7
What are the prime factors of 93694?
2, 79, 593
List the prime factors of 11686.
2, 5843
List the prime factors of 7054.
2, 3527
List the prime factors of 165.
3, 5, 11
What are the prime factors of 7383?
3, 23, 107
List the prime factors of 56003.
56003
List the prime factors of 1294.
2, 647
What are the prime factors of 1349?
19, 71
List the prime factors of 34081.
173, 197
List the prime factors of 21671.
13, 1667
List the prime factors of 35775.
3, 5, 53
What are the prime factors of 559?
13, 43
What are the prime factors of 2151?
3, 239
List the prime factors of 4015.
5, 11, 73
List the prime factors of 291.
3, 97
List the prime factors of 2617.
2617
What are the prime factors of 2075?
5, 83
What are the prime factors of 36896?
2, 1153
What are the prime factors of 1151?
1151
List the prime factors of 3967.
3967
List the prime factors of 22459.
37, 607
What are the prime factors of 3507?
3, 7, 167
List the prime factors of 314.
2, 157
What are the prime factors of 59992?
2, 7499
List the prime factors of 1900.
2, 5, 19
What are the prime factors of 22373?
13, 1721
List the prime factors of 127363.
127363
List the prime factors of 663.
3, 13, 17
List the prime factors of 853.
853
What are the prime factors of 11450?
2, 5, 229
List the prime factors of 6868.
2, 17, 101
List the prime factors of 173984.
2, 5437
List the prime factors of 140.
2, 5, 7
List the prime factors of 1386.
2, 3, 7, 11
List the prime factors of 859.
859
List the prime factors of 1183.
7, 13
What are the prime factors of 5819?
11, 23
List the prime factors of 167587.
7, 89, 269
What are the prime factors of 1234?
2, 617
List the prime factors of 27204.
2, 3, 2267
What are the prime factors of 9722?
2, 4861
What are the prime factors of 1062?
2, 3, 59
List the prime factors of 31811.
13, 2447
What are the prime factors of 3846?
2, 3, 641
What are the prime factors of 160?
2, 5
What are the prime factors of 106855?
5, 7, 43, 71
List the prime factors of 22285.
5, 4457
What are the prime factors of 426?
2, 3, 71
What are the prime factors of 6831?
3, 11, 23
List the prime factors of 12972.
2, 3, 23, 47
List the prime factors of 1607.
1607
List the prime factors of 9327.
3, 3109
What are the prime factors of 4020?
2, 3, 5, 67
What are the prime factors of 5119?
5119
What are the prime factors of 221?
13, 17
What are the prime factors of 13348?
2, 47, 71
What are the prime factors of 35090?
2, 5, 11, 29
List the prime factors of 1217.
1217
List the prime factors of 9406.
2, 4703
What are the prime factors of 730?
2, 5, 73
What are the prime factors of 3534?
2, 3, 19, 31
What are the prime factors of 3722?
2, 1861
List the prime factors of 3581.
3581
List the prime factors of 19276.
2, 61, 79
List the prime factors of 79.
79
List the prime factors of 2885.
5, 577
What are the prime factors of 63039?
3, 21013
What are the prime factors of 1388?
2, 347
List the prime factors of 76508.
2, 31, 617
What are the prime factors of 2949?
3, 983
What are the prime factors of 41576?
2, 5197
What are the prime factors of 106?
2, 53
List the prime factors of 1160.
2, 5, 29
List the prime factors of 63904.
2, 1997
What are the prime factors of 1794?
2, 3, 13, 23
List the prime factors of 62826.
2, 3, 37, 283
What are the prime factors of 39435?
3, 5, 11, 239
What are the prime factors of 21244?
2, 47, 113
List the prime factors of 2367.
3, 263
What are the prime factors of 19512?
2, 3, 271
What are the prime factors of 257?
257
List the prime factors of 5250.
2, 3, 5, 7
What are the prime factors of 2338?
2, 7, 167
What are the prime factors of 3839?
11, 349
What are the prime factors of 81139?
41, 1979
List the prime factors of 26909.
71, 379
What are the prime factors of 1988?
2, 7, 71
What are the prime factors of 3405?
3, 5, 227
What are the prime factors of 1047?
3, 349
What are the prime factors of 529?
23
List the prime factors of 9786.
2, 3, 7, 233
What are the prime factors of 257?
257
What are the prime factors of 11226?
2, 3, 1871
What are the prime factors of 4198?
2, 2099
What are the prime factors of 16972?
2, 4243
List the prime factors of 48902.
2, 7, 499
What are the prime factors of 16203?
3, 11, 491
What are the prime factors of 23812?
2, 5953
What are the prime factors of 1752?
2, 3, 73
What are the prime factors of 27882?
2, 3, 1549
What are the prime factors of 5285?
5, 7, 151
What are the prime factors of 965?
5, 193
List the prime factors of 1870.
2, 5, 11, 17
List the prime factors of 50830.
2, 5, 13,